 divided by 30.
22
Calculate the remainder when 15900 is divided by 586.
78
Calculate the remainder when 1281203 is divided by 1281198.
5
What is the remainder when 290733 is divided by 1829?
1751
What is the remainder when 17574 is divided by 2499?
81
What is the remainder when 868 is divided by 180?
148
Calculate the remainder when 3885 is divided by 67.
66
Calculate the remainder when 262546 is divided by 9376.
18
What is the remainder when 5855 is divided by 649?
14
Calculate the remainder when 1128371 is divided by 376117.
20
Calculate the remainder when 1409 is divided by 118.
111
What is the remainder when 1154 is divided by 65?
49
Calculate the remainder when 1064 is divided by 423.
218
Calculate the remainder when 4739 is divided by 282.
227
What is the remainder when 38540 is divided by 19261?
18
What is the remainder when 1094819 is divided by 191?
7
Calculate the remainder when 5731 is divided by 47.
44
Calculate the remainder when 114504 is divided by 34.
26
Calculate the remainder when 125278 is divided by 143.
10
Calculate the remainder when 5965 is divided by 12.
1
Calculate the remainder when 82167 is divided by 66.
63
Calculate the remainder when 15037 is divided by 814.
385
Calculate the remainder when 5344 is divided by 261.
124
What is the remainder when 1782 is divided by 1769?
13
What is the remainder when 3455 is divided by 18?
17
Calculate the remainder when 1062 is divided by 697.
365
What is the remainder when 22978 is divided by 30?
28
What is the remainder when 12167 is divided by 670?
107
What is the remainder when 72268 is divided by 38?
30
Calculate the remainder when 238270 is divided by 584.
582
Calculate the remainder when 3155 is divided by 1442.
271
Calculate the remainder when 37717 is divided by 33.
31
What is the remainder when 62176 is divided by 194?
96
What is the remainder when 1379697 is divided by 18?
15
What is the remainder when 2923 is divided by 121?
19
What is the remainder when 2108 is divided by 360?
308
What is the remainder when 3184 is divided by 177?
175
Calculate the remainder when 3243 is divided by 2673.
570
What is the remainder when 52507 is divided by 525?
7
What is the remainder when 101267 is divided by 26?
23
What is the remainder when 1533 is divided by 29?
25
Calculate the remainder when 511108 is divided by 54.
52
Calculate the remainder when 10235 is divided by 366.
353
What is the remainder when 73478 is divided by 110?
108
What is the remainder when 1645699 is divided by 78366?
13
What is the remainder when 25719 is divided by 5137?
34
Calculate the remainder when 8785 is divided by 2189.
29
What is the remainder when 747 is divided by 696?
51
What is the remainder when 43524 is divided by 80?
4
What is the remainder when 563218 is divided by 894?
892
What is the remainder when 3520 is divided by 301?
209
What is the remainder when 1450 is divided by 148?
118
What is the remainder when 49489 is divided by 6?
1
Calculate the remainder when 546 is divided by 110.
106
What is the remainder when 7724 is divided by 1099?
31
Calculate the remainder when 21758 is divided by 10840.
78
Calculate the remainder when 65871 is divided by 270.
261
Calculate the remainder when 10563 is divided by 38.
37
What is the remainder when 4572 is divided by 2209?
154
Calculate the remainder when 11937 is divided by 242.
79
What is the remainder when 1455 is divided by 855?
600
What is the remainder when 25923 is divided by 895?
863
What is the remainder when 9745 is divided by 10?
5
Calculate the remainder when 24968 is divided by 171.
2
What is the remainder when 53678 is divided by 2?
0
What is the remainder when 264077 is divided by 525?
2
What is the remainder when 4473 is divided by 77?
7
What is the remainder when 79446 is divided by 70?
66
Calculate the remainder when 2257 is divided by 1956.
301
What is the remainder when 16050 is divided by 16049?
1
What is the remainder when 15005 is divided by 28?
25
What is the remainder when 151336 is divided by 285?
1
What is the remainder when 3089 is divided by 964?
197
What is the remainder when 1512 is divided by 53?
28
Calculate the remainder when 85408 is divided by 42.
22
Calculate the remainder when 5702 is divided by 435.
47
Calculate the remainder when 8226 is divided by 24.
18
What is the remainder when 16059 is divided by 129?
63
Calculate the remainder when 10641 is divided by 5309.
23
What is the remainder when 44389 is divided by 9?
1
Calculate the remainder when 35146 is divided by 2510.
6
What is the remainder when 220451 is divided by 1086?
1079
Calculate the remainder when 46853 is divided by 1675.
1628
What is the remainder when 136490 is divided by 6498?
32
What is the remainder when 80312 is divided by 11?
1
Calculate the remainder when 566 is divided by 303.
263
Calculate the remainder when 39277 is divided by 102.
7
What is the remainder when 392254 is divided by 18?
16
What is the remainder when 1916 is divided by 468?
44
Calculate the remainder when 21296 is divided by 764.
668
What is the remainder when 1787 is divided by 635?
517
What is the remainder when 443 is divided by 307?
136
What is the remainder when 4908 is divided by 19?
6
What is the remainder when 26635 is divided by 13306?
23
What is the remainder when 5317 is divided by 267?
244
Calculate the remainder when 6184 is divided by 6172.
12
What is the remainder when 11788 is divided by 795?
658
What is the remainder when 62278 is divided by 62263?
15
What is the remainder when 1486 is divided by 1454?
32
What is the remainder when 2543 is divided by 625?
43
Calculate the remainder when 2575 is divided by 210.
55
Calculate the remainder when 6886 is divided by 635.
536
Calculate the remainder when 198773 is divided by 200.
173
What is the remainder when 306371 is divided by 29?
15
What is the remainder when 91615 is divided by 1290?
25
What is the remainder when 3287 is divided by 771?
203
Calculate the remainder when 8154 is divided by 46.
12
Calculate the remainder when 53495 is divided by 185.
30
Calculate the remainder when 17157 is divided by 276.
45
What is the remainder when 7688680 is divided by 143?
142
Calculate the remainder when 41075 is divided by 775.
0
What is the remainder when 6094 is divided by 291?
274
What is the remainder when 93521 is divided by 109?
108
What is the remainder when 5194 is divided by 473?
464
Calculate the remainder when 49141 is divided by 176.
37
Calculate the remainder when 30497 is divided by 15227.
43
Calculate the remainder when 7330 is divided by 23.
16
Calculate the remainder when 2838 is divided by 916.
90
What is the remainder when 45499 is divided by 6496?
27
What is the remainder when 1274 is divided by 310?
34
Calculate the remainder when 7882 is divided by 3121.
1640
What is the remainder when 986217 is divided by 36?
33
Calculate the remainder when 4618 is divided by 115.
18
What is the remainder when 23683 is divided by 53?
45
Calculate the remainder when 57293 is divided by 92.
69
What is the remainder when 1233913 is divided by 308474?
17
What is the remainder when 41646 is divided by 210?
66
Calculate the remainder when 218793 is divided by 36.
21
Calculate the remainder when 1629 is divided by 101.
13
What is the remainder when 1528 is divided by 232?
136
What is the remainder when 6099 is divided by 3035?
29
Calculate the remainder when 63868 is divided by 21258.
94
Calculate the remainder when 16999 is divided by 49.
45
What is the remainder when 1607 is divided by 31?
26
What is the remainder when 117720 is divided by 416?
408
What is the remainder when 109344 is divided by 7289?
9
Calculate the remainder when 42218 is divided by 47.
12
Calculate the remainder when 6781 is divided by 322.
19
Calculate the remainder when 2849 is divided by 696.
65
Calculate the remainder when 7931 is divided by 29.
14
Calculate the remainder when 1191 is divided by 1099.
92
What is the remainder when 3813 is divided by 128?
101
Calculate the remainder when 12738 is divided by 282.
48
What is the remainder when 68877 is divided by 48?
45
Calculate the remainder when 1712 is divided by 47.
20
Calculate the remainder when 710290 is divided by 33.
31
Calculate the remainder when 10550 is divided by 381.
263
What is the 